{"id":86,"date":"2025-07-11T20:14:37","date_gmt":"2025-07-11T20:14:37","guid":{"rendered":"https:\/\/serviequiposbm.com\/?page_id=86"},"modified":"2025-08-22T22:12:55","modified_gmt":"2025-08-22T22:12:55","slug":"equipo-nuevo","status":"publish","type":"page","link":"https:\/\/serviequiposbm.com\/index.php\/equipo-nuevo\/","title":{"rendered":"C\u00e1maras de refrigeraci\u00f3n nuevas"},"content":{"rendered":"<div id='gallery-1' class='gallery galleryid-86 gallery-columns-3 gallery-size-medium'><figure class='gallery-item'>\n\t\t\t<div class='gallery-icon portrait'>\n\t\t\t\t<a href='https:\/\/serviequiposbm.com\/wp-content\/uploads\/2025\/07\/3cc54680-38f3-4acb-9516-13ad2ef07374.jpeg'><img loading=\"lazy\" decoding=\"async\" width=\"265\" height=\"300\" src=\"https:\/\/serviequiposbm.com\/wp-content\/uploads\/2025\/07\/3cc54680-38f3-4acb-9516-13ad2ef07374-265x300.jpeg\" class=\"attachment-medium size-medium\" alt=\"\" aria-describedby=\"gallery-1-514\" srcset=\"https:\/\/serviequiposbm.com\/wp-content\/uploads\/2025\/07\/3cc54680-38f3-4acb-9516-13ad2ef07374-265x300.jpeg 265w, https:\/\/serviequiposbm.com\/wp-content\/uploads\/2025\/07\/3cc54680-38f3-4acb-9516-13ad2ef07374.jpeg 732w\" sizes=\"auto, (max-width: 265px) 100vw, 265px\" \/><\/a>\n\t\t\t<\/div>\n\t\t\t\t<figcaption class='wp-caption-text gallery-caption' id='gallery-1-514'>\n\t\t\t\tC\u00e1mara doble prop\u00f3sito. 1 a\u00f1o de garant\u00eda  \n\t\t\t\t<\/figcaption><\/figure><figure class='gallery-item'>\n\t\t\t<div class='gallery-icon portrait'>\n\t\t\t\t<a href='https:\/\/serviequiposbm.com\/wp-content\/uploads\/2025\/07\/4d5671cf-79e8-45d2-a792-53f8fcdf8200.jpeg'><img loading=\"lazy\" decoding=\"async\" width=\"265\" height=\"300\" src=\"https:\/\/serviequiposbm.com\/wp-content\/uploads\/2025\/07\/4d5671cf-79e8-45d2-a792-53f8fcdf8200-265x300.jpeg\" class=\"attachment-medium size-medium\" alt=\"\" aria-describedby=\"gallery-1-515\" srcset=\"https:\/\/serviequiposbm.com\/wp-content\/uploads\/2025\/07\/4d5671cf-79e8-45d2-a792-53f8fcdf8200-265x300.jpeg 265w, https:\/\/serviequiposbm.com\/wp-content\/uploads\/2025\/07\/4d5671cf-79e8-45d2-a792-53f8fcdf8200.jpeg 732w\" sizes=\"auto, (max-width: 265px) 100vw, 265px\" \/><\/a>\n\t\t\t<\/div>\n\t\t\t\t<figcaption class='wp-caption-text gallery-caption' id='gallery-1-515'>\n\t\t\t\tC\u00e1mara 3 puerta de parche, en acero inoxidable 1 a\u00f1o de garant\u00eda \n\t\t\t\t<\/figcaption><\/figure><figure class='gallery-item'>\n\t\t\t<div class='gallery-icon portrait'>\n\t\t\t\t<a href='https:\/\/serviequiposbm.com\/wp-content\/uploads\/2025\/07\/4ecff78a-ef24-4e29-8707-f792badff378.jpeg'><img loading=\"lazy\" decoding=\"async\" width=\"265\" height=\"300\" src=\"https:\/\/serviequiposbm.com\/wp-content\/uploads\/2025\/07\/4ecff78a-ef24-4e29-8707-f792badff378-265x300.jpeg\" class=\"attachment-medium size-medium\" alt=\"\" aria-describedby=\"gallery-1-516\" srcset=\"https:\/\/serviequiposbm.com\/wp-content\/uploads\/2025\/07\/4ecff78a-ef24-4e29-8707-f792badff378-265x300.jpeg 265w, https:\/\/serviequiposbm.com\/wp-content\/uploads\/2025\/07\/4ecff78a-ef24-4e29-8707-f792badff378.jpeg 732w\" sizes=\"auto, (max-width: 265px) 100vw, 265px\" \/><\/a>\n\t\t\t<\/div>\n\t\t\t\t<figcaption class='wp-caption-text gallery-caption' id='gallery-1-516'>\n\t\t\t\tC\u00e1mara dos puertas de parche en acero inoxidable. un a\u00f1o de garant\u00eda.\n\t\t\t\t<\/figcaption><\/figure><figure class='gallery-item'>\n\t\t\t<div class='gallery-icon portrait'>\n\t\t\t\t<a href='https:\/\/serviequiposbm.com\/wp-content\/uploads\/2025\/07\/24a6d338-839d-4bdf-bf91-f3ff94ba8525.jpeg'><img loading=\"lazy\" decoding=\"async\" width=\"265\" height=\"300\" src=\"https:\/\/serviequiposbm.com\/wp-content\/uploads\/2025\/07\/24a6d338-839d-4bdf-bf91-f3ff94ba8525-265x300.jpeg\" class=\"attachment-medium size-medium\" alt=\"\" aria-describedby=\"gallery-1-519\" srcset=\"https:\/\/serviequiposbm.com\/wp-content\/uploads\/2025\/07\/24a6d338-839d-4bdf-bf91-f3ff94ba8525-265x300.jpeg 265w, https:\/\/serviequiposbm.com\/wp-content\/uploads\/2025\/07\/24a6d338-839d-4bdf-bf91-f3ff94ba8525.jpeg 732w\" sizes=\"auto, (max-width: 265px) 100vw, 265px\" \/><\/a>\n\t\t\t<\/div>\n\t\t\t\t<figcaption class='wp-caption-text gallery-caption' id='gallery-1-519'>\n\t\t\t\tCongelador 1 puerta de parche. en acero inoxidable,1 a\u00f1o de garant\u00eda  \n\t\t\t\t<\/figcaption><\/figure><figure class='gallery-item'>\n\t\t\t<div class='gallery-icon portrait'>\n\t\t\t\t<a href='https:\/\/serviequiposbm.com\/wp-content\/uploads\/2025\/07\/57eb8570-b8e8-4178-9537-d9034708064d.jpeg'><img loading=\"lazy\" decoding=\"async\" width=\"265\" height=\"300\" src=\"https:\/\/serviequiposbm.com\/wp-content\/uploads\/2025\/07\/57eb8570-b8e8-4178-9537-d9034708064d-265x300.jpeg\" class=\"attachment-medium size-medium\" alt=\"\" aria-describedby=\"gallery-1-521\" srcset=\"https:\/\/serviequiposbm.com\/wp-content\/uploads\/2025\/07\/57eb8570-b8e8-4178-9537-d9034708064d-265x300.jpeg 265w, https:\/\/serviequiposbm.com\/wp-content\/uploads\/2025\/07\/57eb8570-b8e8-4178-9537-d9034708064d.jpeg 732w\" sizes=\"auto, (max-width: 265px) 100vw, 265px\" \/><\/a>\n\t\t\t<\/div>\n\t\t\t\t<figcaption class='wp-caption-text gallery-caption' id='gallery-1-521'>\n\t\t\t\tC\u00e1mara 3 puertas de vidrio, un a\u00f1o de garant\u00eda.\n\t\t\t\t<\/figcaption><\/figure><figure class='gallery-item'>\n\t\t\t<div class='gallery-icon portrait'>\n\t\t\t\t<a href='https:\/\/serviequiposbm.com\/wp-content\/uploads\/2025\/07\/80c6df07-6f70-4861-9841-def97be42755.jpeg'><img loading=\"lazy\" decoding=\"async\" width=\"265\" height=\"300\" src=\"https:\/\/serviequiposbm.com\/wp-content\/uploads\/2025\/07\/80c6df07-6f70-4861-9841-def97be42755-265x300.jpeg\" class=\"attachment-medium size-medium\" alt=\"\" aria-describedby=\"gallery-1-523\" srcset=\"https:\/\/serviequiposbm.com\/wp-content\/uploads\/2025\/07\/80c6df07-6f70-4861-9841-def97be42755-265x300.jpeg 265w, https:\/\/serviequiposbm.com\/wp-content\/uploads\/2025\/07\/80c6df07-6f70-4861-9841-def97be42755.jpeg 732w\" sizes=\"auto, (max-width: 265px) 100vw, 265px\" \/><\/a>\n\t\t\t<\/div>\n\t\t\t\t<figcaption class='wp-caption-text gallery-caption' id='gallery-1-523'>\n\t\t\t\tC\u00e1mara dos puertas de vidrio, 1 a\u00f1o de garant\u00eda  \n\t\t\t\t<\/figcaption><\/figure><figure class='gallery-item'>\n\t\t\t<div class='gallery-icon portrait'>\n\t\t\t\t<a href='https:\/\/serviequiposbm.com\/wp-content\/uploads\/2025\/07\/97859167-13fe-4162-9947-f831c40a75dc.jpeg'><img loading=\"lazy\" decoding=\"async\" width=\"265\" height=\"300\" src=\"https:\/\/serviequiposbm.com\/wp-content\/uploads\/2025\/07\/97859167-13fe-4162-9947-f831c40a75dc-265x300.jpeg\" class=\"attachment-medium size-medium\" alt=\"\" aria-describedby=\"gallery-1-526\" srcset=\"https:\/\/serviequiposbm.com\/wp-content\/uploads\/2025\/07\/97859167-13fe-4162-9947-f831c40a75dc-265x300.jpeg 265w, https:\/\/serviequiposbm.com\/wp-content\/uploads\/2025\/07\/97859167-13fe-4162-9947-f831c40a75dc.jpeg 732w\" sizes=\"auto, (max-width: 265px) 100vw, 265px\" \/><\/a>\n\t\t\t<\/div>\n\t\t\t\t<figcaption class='wp-caption-text gallery-caption' id='gallery-1-526'>\n\t\t\t\tC\u00e1mara una puerta peque\u00f1a, un a\u00f1o de garant\u00eda \n\t\t\t\t<\/figcaption><\/figure><figure class='gallery-item'>\n\t\t\t<div class='gallery-icon portrait'>\n\t\t\t\t<a href='https:\/\/serviequiposbm.com\/wp-content\/uploads\/2025\/07\/da03f4f5-4071-4897-8e23-caf4729f1a60.jpeg'><img loading=\"lazy\" decoding=\"async\" width=\"265\" height=\"300\" src=\"https:\/\/serviequiposbm.com\/wp-content\/uploads\/2025\/07\/da03f4f5-4071-4897-8e23-caf4729f1a60-265x300.jpeg\" class=\"attachment-medium size-medium\" alt=\"\" aria-describedby=\"gallery-1-530\" srcset=\"https:\/\/serviequiposbm.com\/wp-content\/uploads\/2025\/07\/da03f4f5-4071-4897-8e23-caf4729f1a60-265x300.jpeg 265w, https:\/\/serviequiposbm.com\/wp-content\/uploads\/2025\/07\/da03f4f5-4071-4897-8e23-caf4729f1a60.jpeg 732w\" sizes=\"auto, (max-width: 265px) 100vw, 265px\" \/><\/a>\n\t\t\t<\/div>\n\t\t\t\t<figcaption class='wp-caption-text gallery-caption' id='gallery-1-530'>\n\t\t\t\tC\u00e1mara tres puertas de vidrio, un a\u00f1o de garant\u00eda \n\t\t\t\t<\/figcaption><\/figure><figure class='gallery-item'>\n\t\t\t<div class='gallery-icon portrait'>\n\t\t\t\t<a href='https:\/\/serviequiposbm.com\/wp-content\/uploads\/2025\/07\/e1b67557-0419-4d62-b13f-761b86a7f754.jpeg'><img loading=\"lazy\" decoding=\"async\" width=\"265\" height=\"300\" src=\"https:\/\/serviequiposbm.com\/wp-content\/uploads\/2025\/07\/e1b67557-0419-4d62-b13f-761b86a7f754-265x300.jpeg\" class=\"attachment-medium size-medium\" alt=\"\" aria-describedby=\"gallery-1-531\" srcset=\"https:\/\/serviequiposbm.com\/wp-content\/uploads\/2025\/07\/e1b67557-0419-4d62-b13f-761b86a7f754-265x300.jpeg 265w, https:\/\/serviequiposbm.com\/wp-content\/uploads\/2025\/07\/e1b67557-0419-4d62-b13f-761b86a7f754.jpeg 732w\" sizes=\"auto, (max-width: 265px) 100vw, 265px\" \/><\/a>\n\t\t\t<\/div>\n\t\t\t\t<figcaption class='wp-caption-text gallery-caption' id='gallery-1-531'>\n\t\t\t\tc\u00e1mara una puerta peque\u00f1a, un a\u00f1o de garant\u00eda  \n\t\t\t\t<\/figcaption><\/figure><figure class='gallery-item'>\n\t\t\t<div class='gallery-icon portrait'>\n\t\t\t\t<a href='https:\/\/serviequiposbm.com\/wp-content\/uploads\/2025\/07\/fa5603ba-75aa-4cee-ad12-4baac807510e.jpeg'><img loading=\"lazy\" decoding=\"async\" width=\"265\" height=\"300\" src=\"https:\/\/serviequiposbm.com\/wp-content\/uploads\/2025\/07\/fa5603ba-75aa-4cee-ad12-4baac807510e-265x300.jpeg\" class=\"attachment-medium size-medium\" alt=\"\" aria-describedby=\"gallery-1-533\" srcset=\"https:\/\/serviequiposbm.com\/wp-content\/uploads\/2025\/07\/fa5603ba-75aa-4cee-ad12-4baac807510e-265x300.jpeg 265w, https:\/\/serviequiposbm.com\/wp-content\/uploads\/2025\/07\/fa5603ba-75aa-4cee-ad12-4baac807510e.jpeg 732w\" sizes=\"auto, (max-width: 265px) 100vw, 265px\" \/><\/a>\n\t\t\t<\/div>\n\t\t\t\t<figcaption class='wp-caption-text gallery-caption' id='gallery-1-533'>\n\t\t\t\tc\u00e1mara una puerta de vidrio, un a\u00f1o de garant\u00eda \n\t\t\t\t<\/figcaption><\/figure><figure class='gallery-item'>\n\t\t\t<div class='gallery-icon landscape'>\n\t\t\t\t<a href='https:\/\/serviequiposbm.com\/wp-content\/uploads\/2025\/07\/IMG-20250618-WA0015.jpg'><img loading=\"lazy\" decoding=\"async\" width=\"300\" height=\"269\" src=\"https:\/\/serviequiposbm.com\/wp-content\/uploads\/2025\/07\/IMG-20250618-WA0015-300x269.jpg\" class=\"attachment-medium size-medium\" alt=\"\" aria-describedby=\"gallery-1-211\" srcset=\"https:\/\/serviequiposbm.com\/wp-content\/uploads\/2025\/07\/IMG-20250618-WA0015-300x269.jpg 300w, https:\/\/serviequiposbm.com\/wp-content\/uploads\/2025\/07\/IMG-20250618-WA0015.jpg 762w\" sizes=\"auto, (max-width: 300px) 100vw, 300px\" \/><\/a>\n\t\t\t<\/div>\n\t\t\t\t<figcaption class='wp-caption-text gallery-caption' id='gallery-1-211'>\n\t\t\t\tC\u00e1mara de refrigeraci\u00f3n 1 puerta, elaborada en acero inoxidable cuenta con luz led, control de temperatura inteligente para evitar el desperdicio de corriente el\u00e9ctrica, rodines giratorios y sus respectivas parrillas, cuenta con 1 a\u00f1o de garant\u00eda   \n\t\t\t\t<\/figcaption><\/figure><figure class='gallery-item'>\n\t\t\t<div class='gallery-icon landscape'>\n\t\t\t\t<a href='https:\/\/serviequiposbm.com\/wp-content\/uploads\/2025\/07\/IMG-20250618-WA0022.jpg'><img loading=\"lazy\" decoding=\"async\" width=\"300\" height=\"269\" src=\"https:\/\/serviequiposbm.com\/wp-content\/uploads\/2025\/07\/IMG-20250618-WA0022-300x269.jpg\" class=\"attachment-medium size-medium\" alt=\"\" aria-describedby=\"gallery-1-209\" srcset=\"https:\/\/serviequiposbm.com\/wp-content\/uploads\/2025\/07\/IMG-20250618-WA0022-300x269.jpg 300w, https:\/\/serviequiposbm.com\/wp-content\/uploads\/2025\/07\/IMG-20250618-WA0022.jpg 762w\" sizes=\"auto, (max-width: 300px) 100vw, 300px\" \/><\/a>\n\t\t\t<\/div>\n\t\t\t\t<figcaption class='wp-caption-text gallery-caption' id='gallery-1-209'>\n\t\t\t\tC\u00e1mara de refrigeraci\u00f3n 1 puerta, elaborada en acero inoxidable cuenta con luz led, control de temperatura inteligente para evitar el desperdicio de corriente el\u00e9ctrica, rodines giratorios y sus respectivas parrillas, cuenta con 1 a\u00f1o de garant\u00eda\n\t\t\t\t<\/figcaption><\/figure><figure class='gallery-item'>\n\t\t\t<div class='gallery-icon landscape'>\n\t\t\t\t<a href='https:\/\/serviequiposbm.com\/wp-content\/uploads\/2025\/07\/IMG-20250618-WA0035.jpg'><img loading=\"lazy\" decoding=\"async\" width=\"300\" height=\"269\" src=\"https:\/\/serviequiposbm.com\/wp-content\/uploads\/2025\/07\/IMG-20250618-WA0035-300x269.jpg\" class=\"attachment-medium size-medium\" alt=\"\" aria-describedby=\"gallery-1-210\" srcset=\"https:\/\/serviequiposbm.com\/wp-content\/uploads\/2025\/07\/IMG-20250618-WA0035-300x269.jpg 300w, https:\/\/serviequiposbm.com\/wp-content\/uploads\/2025\/07\/IMG-20250618-WA0035.jpg 762w\" sizes=\"auto, (max-width: 300px) 100vw, 300px\" \/><\/a>\n\t\t\t<\/div>\n\t\t\t\t<figcaption class='wp-caption-text gallery-caption' id='gallery-1-210'>\n\t\t\t\tC\u00e1mara de refrigeraci\u00f3n 3 puerta, elaborada en acero inoxidable cuenta con luz led, control de temperatura inteligente para evitar el desperdicio de corriente el\u00e9ctrica, rodines giratorios y sus respectivas parrillas, cuentan con 1 a\u00f1o de garant\u00eda\n\t\t\t\t<\/figcaption><\/figure><figure class='gallery-item'>\n\t\t\t<div class='gallery-icon landscape'>\n\t\t\t\t<a href='https:\/\/serviequiposbm.com\/wp-content\/uploads\/2025\/07\/IMG-20250618-WA0018.jpg'><img loading=\"lazy\" decoding=\"async\" width=\"300\" height=\"269\" src=\"https:\/\/serviequiposbm.com\/wp-content\/uploads\/2025\/07\/IMG-20250618-WA0018-300x269.jpg\" class=\"attachment-medium size-medium\" alt=\"\" aria-describedby=\"gallery-1-208\" srcset=\"https:\/\/serviequiposbm.com\/wp-content\/uploads\/2025\/07\/IMG-20250618-WA0018-300x269.jpg 300w, https:\/\/serviequiposbm.com\/wp-content\/uploads\/2025\/07\/IMG-20250618-WA0018.jpg 762w\" sizes=\"auto, (max-width: 300px) 100vw, 300px\" \/><\/a>\n\t\t\t<\/div>\n\t\t\t\t<figcaption class='wp-caption-text gallery-caption' id='gallery-1-208'>\n\t\t\t\tC\u00e1mara de refrigeraci\u00f3n 2 puerta, elaborada en acero inoxidable cuenta con luz led, control de temperatura inteligente para evitar el desperdicio de corriente el\u00e9ctrica, rodines giratorios y sus respectivas parrillas, cuenta con 1 a\u00f1o de garant\u00eda\n\t\t\t\t<\/figcaption><\/figure><figure class='gallery-item'>\n\t\t\t<div class='gallery-icon landscape'>\n\t\t\t\t<a href='https:\/\/serviequiposbm.com\/wp-content\/uploads\/2025\/07\/IMG-20250618-WA0026.jpg'><img loading=\"lazy\" decoding=\"async\" width=\"300\" height=\"269\" src=\"https:\/\/serviequiposbm.com\/wp-content\/uploads\/2025\/07\/IMG-20250618-WA0026-300x269.jpg\" class=\"attachment-medium size-medium\" alt=\"\" aria-describedby=\"gallery-1-207\" srcset=\"https:\/\/serviequiposbm.com\/wp-content\/uploads\/2025\/07\/IMG-20250618-WA0026-300x269.jpg 300w, https:\/\/serviequiposbm.com\/wp-content\/uploads\/2025\/07\/IMG-20250618-WA0026.jpg 762w\" sizes=\"auto, (max-width: 300px) 100vw, 300px\" \/><\/a>\n\t\t\t<\/div>\n\t\t\t\t<figcaption class='wp-caption-text gallery-caption' id='gallery-1-207'>\n\t\t\t\tC\u00e1mara de refrigeraci\u00f3n 1 puerta, elaborada en acero inoxidable cuenta con luz led, control de temperatura inteligente para evitar el desperdicio de corriente el\u00e9ctrica, rodines giratorios y sus respectivas parrillas, cuenta con 1 a\u00f1o de garant\u00eda\n\t\t\t\t<\/figcaption><\/figure><figure class='gallery-item'>\n\t\t\t<div class='gallery-icon landscape'>\n\t\t\t\t<a href='https:\/\/serviequiposbm.com\/wp-content\/uploads\/2025\/07\/IMG-20250618-WA0024.jpg'><img loading=\"lazy\" decoding=\"async\" width=\"300\" height=\"269\" src=\"https:\/\/serviequiposbm.com\/wp-content\/uploads\/2025\/07\/IMG-20250618-WA0024-300x269.jpg\" class=\"attachment-medium size-medium\" alt=\"\" aria-describedby=\"gallery-1-206\" srcset=\"https:\/\/serviequiposbm.com\/wp-content\/uploads\/2025\/07\/IMG-20250618-WA0024-300x269.jpg 300w, https:\/\/serviequiposbm.com\/wp-content\/uploads\/2025\/07\/IMG-20250618-WA0024.jpg 762w\" sizes=\"auto, (max-width: 300px) 100vw, 300px\" \/><\/a>\n\t\t\t<\/div>\n\t\t\t\t<figcaption class='wp-caption-text gallery-caption' id='gallery-1-206'>\n\t\t\t\tC\u00e1mara dos puertas de vidrio, un a\u00f1o de garant\u00ed. \n\t\t\t\t<\/figcaption><\/figure>\n\t\t<\/div>\n\n","protected":false},"excerpt":{"rendered":"","protected":false},"author":1,"featured_media":0,"parent":0,"menu_order":0,"comment_status":"closed","ping_status":"closed","template":"","meta":{"_joinchat":[],"footnotes":""},"class_list":["post-86","page","type-page","status-publish","hentry"],"_links":{"self":[{"href":"https:\/\/serviequiposbm.com\/index.php\/wp-json\/wp\/v2\/pages\/86","targetHints":{"allow":["GET"]}}],"collection":[{"href":"https:\/\/serviequiposbm.com\/index.php\/wp-json\/wp\/v2\/pages"}],"about":[{"href":"https:\/\/serviequiposbm.com\/index.php\/wp-json\/wp\/v2\/types\/page"}],"author":[{"embeddable":true,"href":"https:\/\/serviequiposbm.com\/index.php\/wp-json\/wp\/v2\/users\/1"}],"replies":[{"embeddable":true,"href":"https:\/\/serviequiposbm.com\/index.php\/wp-json\/wp\/v2\/comments?post=86"}],"version-history":[{"count":11,"href":"https:\/\/serviequiposbm.com\/index.php\/wp-json\/wp\/v2\/pages\/86\/revisions"}],"predecessor-version":[{"id":639,"href":"https:\/\/serviequiposbm.com\/index.php\/wp-json\/wp\/v2\/pages\/86\/revisions\/639"}],"wp:attachment":[{"href":"https:\/\/serviequiposbm.com\/index.php\/wp-json\/wp\/v2\/media?parent=86"}],"curies":[{"name":"wp","href":"https:\/\/api.w.org\/{rel}","templated":true}]}}